1?
2801
List the prime factors of 1265.
5, 11, 23
List the prime factors of 98330.
2, 5, 9833
What are the prime factors of 6350?
2, 5, 127
List the prime factors of 95.
5, 19
List the prime factors of 8338.
2, 11, 379
What are the prime factors of 50422?
2, 17, 1483
What are the prime factors of 68703?
3, 22901
What are the prime factors of 168610?
2, 5, 13, 1297
What are the prime factors of 6663?
3, 2221
What are the prime factors of 76798?
2, 19, 43, 47
List the prime factors of 10295.
5, 29, 71
List the prime factors of 45151.
163, 277
What are the prime factors of 194?
2, 97
List the prime factors of 43873.
73, 601
What are the prime factors of 194?
2, 97
List the prime factors of 6251.
7, 19, 47
What are the prime factors of 120?
2, 3, 5
List the prime factors of 1030.
2, 5, 103
List the prime factors of 31861.
151, 211
List the prime factors of 26.
2, 13
List the prime factors of 1550.
2, 5, 31
List the prime factors of 12659.
12659
List the prime factors of 29501.
29501
List the prime factors of 22613.
22613
What are the prime factors of 2098?
2, 1049
What are the prime factors of 3193?
31, 103
What are the prime factors of 1026?
2, 3, 19
What are the prime factors of 78143?
13, 6011
What are the prime factors of 9557?
19, 503
What are the prime factors of 72927?
3, 37, 73
List the prime factors of 1261.
13, 97
What are the prime factors of 44523?
3, 17, 97
List the prime factors of 11170.
2, 5, 1117
What are the prime factors of 5837?
13, 449
List the prime factors of 4168.
2, 521
List the prime factors of 20222.
2, 10111
List the prime factors of 750.
2, 3, 5
List the prime factors of 15399.
3, 29, 59
List the prime factors of 522.
2, 3, 29
What are the prime factors of 6821?
19, 359
List the prime factors of 9681.
3, 7, 461
What are the prime factors of 4793?
4793
What are the prime factors of 14618?
2, 7309
What are the prime factors of 6030?
2, 3, 5, 67
What are the prime factors of 400?
2, 5
What are the prime factors of 40442?
2, 73, 277
What are the prime factors of 47261?
167, 283
What are the prime factors of 356?
2, 89
What are the prime factors of 5352?
2, 3, 223
List the prime factors of 122.
2, 61
What are the prime factors of 21865?
5, 4373
List the prime factors of 327.
3, 109
List the prime factors of 64.
2
List the prime factors of 30004.
2, 13, 577
List the prime factors of 4362.
2, 3, 727
What are the prime factors of 15147?
3, 11, 17
List the prime factors of 785.
5, 157
List the prime factors of 2400.
2, 3, 5
What are the prime factors of 5382?
2, 3, 13, 23
What are the prime factors of 40949?
40949
What are the prime factors of 182?
2, 7, 13
List the prime factors of 22681.
37, 613
What are the prime factors of 9125?
5, 73
List the prime factors of 42614.
2, 11, 13, 149
What are the prime factors of 3212?
2, 11, 73
What are the prime factors of 1476?
2, 3, 41
What are the prime factors of 1186?
2, 593
What are the prime factors of 43082?
2, 13, 1657
What are the prime factors of 26519?
23, 1153
List the prime factors of 489.
3, 163
What are the prime factors of 1713?
3, 571
What are the prime factors of 10864?
2, 7, 97
List the prime factors of 6617.
13, 509
List the prime factors of 3156.
2, 3, 263
What are the prime factors of 37588?
2, 9397
List the prime factors of 46763.
101, 463
What are the prime factors of 69010?
2, 5, 67, 103
List the prime factors of 405.
3, 5
List the prime factors of 897.
3, 13, 23
What are the prime factors of 5637?
3, 1879
List the prime factors of 5480.
2, 5, 137
List the prime factors of 68543.
68543
What are the prime factors of 54511?
19, 151
List the prime factors of 51681.
3, 7, 23, 107
What are the prime factors of 7238?
2, 7, 11, 47
What are the prime factors of 2972?
2, 743
What are the prime factors of 12975?
3, 5, 173
List the prime factors of 646.
2, 17, 19
What are the prime factors of 5845?
5, 7, 167
What are the prime factors of 18988?
2, 47, 101
What are the prime factors of 9033?
3, 3011
What are the prime factors of 48?
2, 3
List the prime factors of 174.
2, 3, 29
List the prime factors of 15217.
15217
What are the prime factors of 44501?
44501
What are the prime factors of 5986?
2, 41, 73
What are the prime factors of 4900?
2, 5, 7
List the prime factors of 4190.
2, 5, 419
List the prime factors of 25563.
3, 8521
List the prime factors of 4158.
2, 3, 7, 11
List the prime factors of 64125.
3, 5, 19
What are the prime factors of 165368?
2, 7, 2953
List the prime factors of 73082.
2, 36541
List the prime factors of 2414.
2, 17, 71
List the prime factors of 8689.
8689
What are the prime factors of 415?
5, 83
List the prime factors of 11504.
2, 719
List the prime factors of 3030.
2, 3, 5, 101
List the prime factors of 17965.
5, 3593
List the prime factors of 754.
2, 13, 29
What are the prime factors of 301?
7, 43
List the prime factors of 7020.
2, 3, 5, 13
List the prime factors of 16185.
3, 5, 13, 83
What are the prime factors of 17455?
5, 3491
List the prime factors of 1139.
17, 67
List the prime factors of 11373.
3, 17, 223
List the prime factors of 340.
2, 5, 17
List the prime factors of 2370.
2, 3, 5, 79
List the prime factors of 7401.
3, 2467
List the prime factors of 1266.
2, 3, 211
What are the prime factors of 118733?
37, 3209
List the prime factors of 2915.
5, 11, 53
List the prime factors of 32046.
2, 3, 7, 109
What are the prime factors of 49472?
2, 773
What are the prime factors of 35718?
2, 3, 5953
What are the prime factors of 13575?
3, 5, 181
What are the prime factors of 20083?
7, 19, 151
List the prime factors of 2163.
3, 7, 103
List the prime factors of 95466.
2, 3, 7, 2273
What are the prime factors of 74135?
5, 14827
What are the prime factors of 4260?
2, 3, 5, 71
What are the prime factors of 374?
2, 11, 17
List the prime factors of 5507.
5507
List the prime factors of 60556.
2, 15139
List the prime factors of 3309.
3, 1103
List the prime factors of 44260.
2, 5, 2213
What are the prime factors of 24824?
2, 29, 107
List the prime factors of 28198.
2, 23, 613
What are the prime factors of 902?
2, 11, 41
List the prime factors of 30862.
2, 13, 1187
List the prime factors of 743.
743
What are the prime factors of 349?
349
List the prime factors of 9220.
2, 5, 461
What are the prime factors of 97076?
2, 7, 3467
What are the prime factors of 32702?
2, 83, 197
What are the prime factors of 1149?
3, 383
List the prime factors of 6179.
37, 167
List the prime factors of 151044.
2, 3, 41, 307
List the prime factors of 107.
107
What are the prime factors of 14577?
3, 43, 113
List the prime factors of 12721.
12721
What are the prime factors of 1128?
2, 3, 47
List the prime factors of 12015.
3, 5, 89
List the prime factors of 15012.
2, 3, 139
What are the prime factors of 3635?
5, 727
List the prime factors of 4446.
2, 3, 13, 19
List the prime factors of 1544.
2, 193
List the prime factors of 15229.
97, 157
List the prime factors of 53519.
109, 491
What are the prime factors of 8234?
2, 23, 179
List the prime factors of 5743.
5743
List the prime factors of 1141.
7, 163
What are the prime factors of 17641?
13, 23, 59
What are the prime factors of 7567?
7, 23, 47
List the prime factors of 9877.
7, 17, 83
List the prime factors of 9934.
2, 4967
List the prime factors of 9167.
89, 103
What are the prime factors of 3784?
2, 11, 43
What are the prime factors of 1336?
2, 167
List the prime factors of 605.
5, 11
List the prime factors of 9317.
7, 11
List the prime factors of 3987.
3, 443
What are the prime factors of 1386?
2, 3, 7, 11
What are the prime factors of 3526?
2, 41, 43
List the prime factors of 2556.
2, 3, 71
List the prime factors of 444.
2, 3, 37
What are the prime factors of 70178?
2, 35089
List the prime factors of 1671.
3, 557
List the prime factors of 4772.
2, 1193
What are the prime factors of 7958?
2, 23, 173
What are the prime factors of 169094?
2, 59, 1433
List the prime factors of 123438.
2, 3, 7, 2939
List the prime factors of 675.
3, 5
What are the prime factors of 49881?
3, 13, 1279
What are the prime factors of 1937?
13, 149
List the prime factors of 28888.
2, 23, 157
List the prime factors of 3549.
3, 7, 13
List the prime factors of 19720.
2, 5, 17, 29
List the prime factors of 799.
17, 47
List the prime factors of 15376.
2, 31
List the